 8*m - 84 = 0. Give n(m).
28
Let r = 9 + -24. Let f be r/(-3) + 2 - 1. Let n(q) be the third derivative of -q**4/12 + 7*q**3/6 + q**2. Determine n(f).
-5
Let n be 4/14 + (-28)/98. Let j(t) = -t**3 - 2*t**2 + 2. Let i be j(n). Let x(h) = 10*h. What is x(i)?
20
Let d(f) = -f - 3. Let y(h) = 8*h - 7*h + 0*h + 1. Let z(t) = d(t) + 3*y(t). Give z(-3).
-6
Let y be (-38)/7 + (-5)/((-140)/12). Let p(u) = -2*u**3 + 6*u**2 + 10*u + 1. Let v(f) = -f**3 + f. Let x(c) = -p(c) + 3*v(c). What is x(y)?
9
Let x(c) = c. Let i(n) = -481 + 481 + n. Let b(m) = -2*i(m) + x(m). Calculate b(6).
-6
Let l(a) = a + 2. Let w(t) = 42*t**2 - 3*t - 7. Let x(k) = -3*l(k) - w(k). Give x(-1).
-41
Let d(u) be the third derivative of -u**4/24 + 5*u**3/2 - 26*u**2. Give d(11).
4
Let n(p) = -p**3 - 6*p**2 - 18*p - 62. Let r be n(-5). Let q(l) = -l**3 + 4*l**2 - l - 2. Determine q(r).
4
Let h(y) = y**3 + y**2 - 2*y + 4. Let g(i) = -i**2 - 12*i + 8. Let r be g(-8). Let b = -43 + r. Give h(b).
-8
Let y(p) = 0*p**2 - 103*p - 1 - p**2 + 110*p. Let u = 2 - -3. Suppose u*q + 38 = 5*i - i, 2*q = -4. Determine y(i).
-1
Let c = -8 + 14. Let q = -54 + 58. Let d(l) = 2*l - 2 - q + 4 - 3. What is d(c)?
7
Let t(c) be the first derivative of 0*c**2 + 0*c - 1/360*c**6 - 1/4*c**4 + 4 + 1/60*c**5 + c**3. Let s(w) be the third derivative of t(w). Give s(4).
-14
Let n be 80/(-12)*48/(-10). Let t(z) = -n*z + 0 + 67*z + 3 - z**2 - 37*z. What is t(3)?
-12
Let s(w) = -205*w**3 + 406*w**3 + 7*w**2 + 4 - 2*w - 1 - 202*w**3. Calculate s(4).
43
Let m(p) = 178*p**2 - 44*p + 25. Let y(b) = 59*b**2 - 16*b + 9. Let c(a) = -4*m(a) + 11*y(a). Give c(-1).
-64
Suppose -5*g + 5 = 0, 2*j - g + 0 + 15 = 0. Let a(l) = -1 + 125*l + 95*l + 3 - 219*l. Determine a(j).
-5
Let x(c) be the first derivative of c**4/4 - c**3/3 + c**2/2 - 51*c + 349. Calculate x(0).
-51
Let r(k) = 8*k + 9 - 3 + 2*k**2 - k**2. Let g = -405 - -398. Give r(g).
-1
Let j(w) = w**3 - 2*w**2 - 7*w + 11. Let m(c) = c**3 - 2*c**2 - 6*c + 9. Let g(q) = -3*j(q) + 4*m(q). Determine g(3).
3
Let m(f) be the first derivative of -f**4/4 - 7*f**3/3 - 3*f**2 + 5*f - 9. Let q be m(-6). Let s(l) = -3*l + 4. What is s(q)?
-11
Let z be 3*(35/3)/5. Suppose -73*g + 12 = -67*g. Let o(m) = -5 - z*m + 5 - 21*m**g + 22*m**2 + 6. Determine o(4).
-6
Suppose 6 = 2*b - 2. Suppose b*h + 7 = -5. Let d(z) = -z**3 - 2*z**2 + 3*z + 3. Give d(h).
3
Let a(o) = 65*o - 189. Let p be a(3). Let n(u) = 0 - 7*u + 6 + u**2 - 4. Calculate n(p).
-4
Let l(f) = f**2 - 10*f - 12. Suppose 6*w = 5*a + 5*w - 35, -3*w - 17 = -4*a. Give l(a).
-28
Suppose 3*k = -0*k + 3. Suppose -10 = 5*i - 35, 0 = 3*l - 3*i + 9. Let o(z) = l*z - k + 5 - z**2 - 4*z. What is o(-4)?
-4
Let h(v) = 4 + v - 2 + 0*v. Let a = 3716 - 3723. Calculate h(a).
-5
Let l(s) = -s + 5*s + s + 0*s - 14. Let k(d) = -6*d + 16. Let y(u) = -6*k(u) - 7*l(u). Let z(o) = o**2 + 9*o - 10. Let j be z(-10). Determine y(j).
2
Let w(l) = 6*l - 29*l**2 + 0 + 6 + 28*l**2. Let b be w(6). Let q(f) = -f**2 + 4*f - 9. Let o(t) = t. Let g(z) = -4*o(z) - q(z). Give g(b).
-3
Let v(w) = -w**3 + 4*w**2 + 2*w + 21. Let k be v(5). Let b(u) = -6*u - k*u**2 - 4*u**2 - 9*u - 3 + 4*u + u**3. Determine b(11).
-3
Suppose 3*u - 30 = -2*u. Suppose u - 3 = n. Let h(p) = 0*p + p - 2 + 2 - n. Calculate h(0).
-3
Let i(a) = 2*a - 3. Let h be (-16)/(-3) + (-7)/21. Let c be (14 - -1)/h - 1. Determine i(c).
1
Suppose -3*i - 15 = 2*i. Let w be 1 + (-30)/4*(-8)/6. Let c(g) = -w*g**3 + 23*g**3 + 4 - 4*g**2 - 13*g**3. What is c(i)?
-5
Let d(u) be the third derivative of -u**5/60 + 11*u**4/24 - 25*u**3/6 + 609*u**2. What is d(10)?
-15
Let w(c) = 1 + 606*c - 1 - 612*c + 4. What is w(-7)?
46
Suppose 4*h + n - 39 = -14, -2*n - 4 = -h. Let q(u) be the second derivative of u + 2*u**2 + 0 - 1/20*u**5 + 0*u**3 + 1/2*u**4. Give q(h).
4
Let g(r) = -3*r**2 - 1071*r + 536*r - 4 + 529*r + 2*r**2. Let q be 9/(-2) - 1/2. Determine g(q).
1
Let o(v) = -v**3 + 8*v**2 + 4. Let s be o(8). Let b(l) = -s + 0 + l - 3*l. Let n(k) = k**3 + 4*k**2 - 3*k - 18. Let p be n(-4). Determine b(p).
8
Let i(l) = -132 + l + 8*l + l**2 + 135. Suppose 2*q + 28 - 10 = 0. Calculate i(q).
3
Let q = -1224 + 1221. Let b(r) = -r**3 - 4*r**2 - 3*r + 3. What is b(q)?
3
Let g be 3/(-4)*(-6 + 2). Let u(x) = x**3 - 2*x**2 + 2*x + 1. What is u(g)?
16
Suppose -4*t - 16 = -5*t + 5*h, -3*t + 38 = -5*h. Let q = 32 + -37. Let x = q + t. Let s(r) = r + 6. What is s(x)?
12
Let t(o) = 0*o + 1 + o**2 - o + 2*o. Suppose 3 = 10*w - 7. Suppose -4*c + 8 = 4*z, -c + z - 3 = w. Determine t(c).
1
Let h = -554 + 566. Let r(o) = 2*o - 10. Give r(h).
14
Let q(x) = -x. Let k = 21 - 29. Suppose -5*t + 25 = 5*c, 2*c = -4*t + 5 + 13. Let a(p) = 4*p**2 - 8*p. Let i(g) = c*a(g) + k*q(g). What is i(-2)?
16
Let i be (-4 + -1 + 6)*6. Suppose d - 5*h = -3*d + 14, -2*d + 3*h = -i. Let b(l) = d*l + 1 - l**2 - 3*l - 2 - 8*l. Calculate b(-4).
3
Let x(j) be the second derivative of -4*j**3/3 + j**2/2 - j. Let m = 136 - 115. Suppose 8*z - m = -5. Calculate x(z).
-15
Let r(y) = -y**2 + y - 18. Suppose 3*u + 0*u - 5 = -5*l, -u - 2*l = -2. Determine r(u).
-18
Let b(l) = 7*l - 2. Let w(o) = o + 5. Let x(j) = -b(j) + 4*w(j). What is x(7)?
1
Let d(l) = -l**3 - 9*l**2 - l - 19. Suppose -3*s - 3*x - 36 = 0, 5*s + 51 = 2*x - 4*x. Determine d(s).
-10
Let c(v) = -v**2 + 3*v - 9. Let n(d) = -4*d**3 - 77*d**2 - 17*d + 45. Let h be n(-19). Give c(h).
-37
Let d(m) = -m**2 + 17*m + 5. Suppose -8*i + 5*i - 4*u + 67 = 0, 30 = 2*i - u. Determine d(i).
5
Let t(m) = -7*m - 7. Let i(y) = 6*y + 6. Let l(p) = 5*i(p) + 4*t(p). Suppose -3*j = 2*z - 2*j + 64, z + 3*j = -37. Let q = 24 + z. Give l(q).
-12
Let y(s) = s**3 - 2*s**2 + 2*s - 3. Let d be y(0). Let i(j) = j**3 + 2*j**2 + j + 7. Determine i(d).
-5
Let n = 183 - 192. Let r(f) = -f**3 - 9*f**2 + 2*f + 8. What is r(n)?
-10
Let t(o) = -o**2 - 2*o. Suppose -108 = 2*y + 4. Let v = 55 + y. Give t(v).
1
Suppose -17 = -o - 1. Let r(h) = h**3 + 2*h**2 - 18 - 5*h**2 + o + 4*h. Let d(a) = a**3 - 3*a**2 + 2*a + 2. Let m be d(2). Calculate r(m).
2
Suppose 0 = d - 0*d - 2*z + 2, 2*d + 2*z - 8 = 0. Let x(g) = -g**2 + 5*g**3 - 8*g**3 - d + g**3. Let r = -5 - -3. Determine x(r).
10
Let g(i) = -157*i + 38*i + 2*i**2 + 43*i + 38*i + 50*i + 13. Calculate g(-5).
3
Let h(i) = -6*i + 10. Let q(c) be the second derivative of -7*c**3/6 + 11*c**2/2 - 19*c. Let w(j) = -5*h(j) + 4*q(j). Calculate w(5).
4
Let o(p) be the third derivative of p**5/20 - p**4/12 + p**3/2 - 3*p**2 + p. Let f = 13 + -11. Determine o(f).
11
Let z be 1*1/3 + (-45)/(-27). Let v(q) = -9*q**2 - 3*q + 2. Calculate v(z).
-40
Let h(u) be the third derivative of u**6/120 + u**5/12 - u**4/8 - u**3/2 + 160*u**2 + 2. Give h(-6).
-21
Let t(x) = 24*x + 105. Let r(h) = h + 5. Let g(c) = -42*r(c) + 2*t(c). Suppose z + 2*z - 6 = 0. Calculate g(z).
12
Let i(j) = -4383 + 4*j - 6*j + 4370. Calculate i(9).
-31
Let j(b) = 6*b**3 + 2*b - 13. Let f(n) = -7*n**3 + n**2 - 3*n + 14. Let q(s) = -5*f(s) - 6*j(s). Calculate q(-6).
26
Suppose 30*j = 32*j + 4. Let k(h) = -4*h**3 - 3*h**2 - 2*h. Give k(j).
24
Suppose -57*h - 320 = -17*h. Let g(a) = -3*a - 33. Give g(h).
-9
Suppose 7*z + 4*h = 3*z + 108, -33 = -z + h. Suppose 0 = 30*m - 25*m + z. Let l(c) = -c**2 - 5*c + 8. Calculate l(m).
2
Let m(n) = n**3 - 6*n**2 - 7*n + 8. Let k(p) = -3*p**2 - 39*p - 119. Let t be k(-7). Determine m(t).
8
Let q(a) = 2*a**2 - a - 10. Let b(k) = -k**2 + k + 9. Let z(m) = 3*b(m) + 2*q(m). Let i = -7 + 5. Let h be (1/(-3)*0)/i. Give z(h).
7
Let f(t) = -t**2 + 11*t - 5. Suppose 75 + 9 = 12*m. Give f(m).
23
Let a(r) be the second derivative of -r**5/20 + 5*r**4/12 + 7*r**3/6 - 4*r**2 - r - 28. Let o be (-1 - 0)/(1/(-6)). What is a(o)?
-2
Let o(m) = 7*m**3 - 3*m**2 - 8*m + 6. Let x(h) = -h**3 + h - 1. Let u(v) = o(v) + 6*x(v). Calculate u(4).
8
Let a(w) = -w**2 - 8*w. Let x(n) = -6 + 18 + 0*n - 3*n + n. Let p be x(10). What is a(p)?
0
Let k(n) be the third derivative of 2*n**5/15 - n**4/12 + n**3/6 + 2*n**2 - 36. Determine k(1).
7
Let x(n) = -2*n**3 - 2*n**2 - 10*n + 7. Let o(a) = 5*a**3 + 3*a**2 + 21*a - 12. Let v(f) = 3*o(f) + 7*x(f). Give v(6).
7
Let a(q) = q**2 + q + 1. Let k(f) = f**3 + f**2 - 3*f + 5. Let j(o) = 3*a(o) - k(o). Calculate j(4).
-10
Let u(m) = -3*m - 19. Suppose -97*v + 95*v = c + 4, -5*c - 20 = 2*v. Determine u